mmon divisor of t and p.
4
Suppose 372*z - 375*z - 4*y + 3700 = 0, -4*z = y - 4929. Calculate the highest common divisor of 5698 and z.
154
Suppose 114 = -y + 7*y. Let q be (-30)/30 - y*-1. Calculate the greatest common factor of q and 144.
18
Let n = -263 - -268. Suppose 0 = -4*s - 2*a + 316, 2*a - 158 = -2*s + n*a. What is the highest common divisor of 395 and s?
79
Let n be 1073/58 - 5/2. Suppose -s + 7*k + 498 = 9*k, -2*k + 2482 = 5*s. Calculate the greatest common factor of s and n.
16
Suppose 3*y - w = 123, 0 = -54*y + 59*y + w - 197. Calculate the highest common factor of y and 3240.
40
Suppose -67*s + 77*s = -95*s + 3465. Suppose 3*j + 2 = -4*y - 18, -4*j = -3*y - 15. Suppose -2*i + j*i + 88 = 0. What is the greatest common factor of s and i?
11
Let g = -3418 + 3473. What is the greatest common divisor of 4015 and g?
55
Suppose -134 - 166 = 25*x. Let m be (5112/216)/((-2)/x). What is the greatest common factor of 213 and m?
71
Let l(a) = -91*a + 9976. Let m be l(52). Calculate the highest common divisor of 171 and m.
57
Let d = 4063 + -4059. Calculate the greatest common divisor of d and 92.
4
Suppose 0 = -2*g - 3 + 11. Let u be g + -3*3/(-9). Suppose 0 = a + u*s - 35, -a - s + 0*s + 31 = 0. Calculate the greatest common factor of a and 330.
30
Let y = 8348 + -5662. What is the highest common factor of y and 790?
158
Let r be ((-360)/63)/((-3)/21). Let n be 2499/12 - 10/r. Calculate the highest common factor of n and 16.
16
Let v be (6/(-5))/(9 - (-2421)/(-270)). Let h be (-178)/(-10)*(v + 46). What is the highest common factor of h and 445?
89
Suppose -3*d = 2*d - 4*k - 210, k - 126 = -3*d. Let q = -363 + 258. Let p = -99 - q. Calculate the greatest common factor of p and d.
6
Let a be -3 + (69 + -2)/1. Let l(k) = -k**2 + 23*k - 34. Suppose -8*q + 166 = -2. Let y be l(q). Calculate the highest common divisor of y and a.
8
Suppose 4*l - 16 = 0, -7 = -2*i + 2*l - 5. Suppose -i*r + 44 = 3*s, 5*r + 4 = 3*s - 0. What is the greatest common divisor of 392 and s?
8
Suppose 0 = -5*m + 110 + 120. Let y be 6758/42 - 170/(-1785). Calculate the greatest common factor of m and y.
23
Let o be 2/(-2) - (1 + -44). Let m(q) = -q**3 + 84*q**2 + 19*q - 1575. Let r be m(84). What is the greatest common factor of r and o?
21
Suppose 2*g + 5*c = g + 20, -5*g + 4*c = -187. Suppose -4*d - 4 + 0 = 0, y - 9 = -d. What is the greatest common factor of y and g?
5
Suppose -3*a = -1007 - 1. Suppose -32*b + 18*b + a = 0. Calculate the highest common factor of b and 60.
12
Suppose -29 = 284*m - 551 - 46. Let u be ((-2)/(-4))/(2/24). Calculate the greatest common divisor of m and u.
2
Suppose 0 = -6*l - 51*l + 5*l + 2080. Suppose -k - 4*p - p + 161 = 0, k = 3*p + 121. What is the greatest common factor of l and k?
8
Let k be 3 + (259 - (4 - (-9 + 6))). What is the highest common factor of k and 2380?
85
Suppose 45*o - 5568 = 22242. Calculate the greatest common factor of o and 1442.
206
Let k = -3361 + 3415. Let f = 10 + -6. Suppose f*a = 2*a + 72. What is the greatest common factor of a and k?
18
Let s = 657 - 642. Suppose -5*t - 2*p + 465 = 0, s*p - 384 = -4*t + 11*p. What is the highest common factor of 39 and t?
13
Let s be (-3)/(-2)*36/18. Suppose -265 = -s*k - 2*q + 47, -96 = -k + 2*q. Suppose -4*v = -v - k. What is the greatest common divisor of 238 and v?
34
Suppose 0 = -2*v + 6*v - 8. Let i be 338/6 + v/(-6). Let r be 7/(11/2 + -6)*-1. What is the highest common divisor of r and i?
14
Let y(k) be the second derivative of 7*k**4/6 + 9*k**3/2 + 52*k**2 - 145*k. Let u be y(-5). What is the greatest common divisor of 11 and u?
11
Suppose -504 = -6*f - f. Suppose 59*h - 3358 - 4076 = 0. Calculate the highest common divisor of h and f.
18
Suppose -17 + 6 = -f - o, -f - 5*o = 5. Suppose 17*t - 6144 = -f*t. Calculate the highest common factor of t and 48.
48
Let l = 88 - 95. Let y be (l - (-387)/9) + 4/(-1). What is the highest common divisor of 48 and y?
16
Let g = 4839 - 4533. Let r(b) = -5*b + 4. Let w be r(-6). What is the greatest common factor of w and g?
34
Let v = 1 + 0. Let o(y) = 2*y**2 + 15*y + 7. Let p be o(-7). Suppose -2*h + 1 = 2*h - u, -4*h + 3*u - 5 = p. What is the highest common factor of h and v?
1
Suppose -257*f + 262*f + r - 240 = 0, -r = -f + 36. Let t(s) = 23*s**2 + s - 1. Let g be t(1). Calculate the greatest common divisor of f and g.
23
Let w(z) = z**2 + 14*z - 48. Let h be w(-36). Suppose 3*s + 552 = 3*a, 71*s = -4*a + 67*s + h. What is the greatest common divisor of a and 5?
5
Let p(a) = 47*a**3 + 18*a**2 - 21*a + 4. Let t be p(1). Calculate the highest common factor of 300 and t.
12
Let j be 144 + (-15 - (0 + -8)). Suppose -112*n = -j*n + 800. Calculate the highest common divisor of 992 and n.
32
Suppose -4*y + 116 = -164. Suppose 84*z - 24150 = -54*z. Calculate the greatest common factor of z and y.
35
Let j = 261 - 258. Let p be 2405/15 + 2/j. What is the greatest common factor of p and 23?
23
Let v = 7 + 6. Suppose 4*u - v - 83 = 0. What is the greatest common divisor of 384 and u?
24
Let g be (-38 - 4)*(-1)/(21/90). Suppose -2*m + 20*m - g = 0. Let c(s) = s**3 + 6*s**2 - 4*s - 5. Let n be c(-5). What is the greatest common factor of m and n?
10
Suppose -168 = -3*a + 3*n, -100*a = -98*a + 5*n - 56. Calculate the highest common factor of 159 and a.
3
Let g = 5177 - 793. Suppose -g = -12*b - 1648. Suppose 12 = -9*u + b. Calculate the greatest common factor of u and 6.
6
Let y = -21 - -66. Let a = 9 - -117. Calculate the highest common factor of a and y.
9
Let k = 350 - 326. Suppose -z + 18 = 5*z. Suppose -3*y + 5*b + 23 = 0, -z*y + 8 = -3*b - 25. What is the highest common factor of k and y?
8
Let x = 42 + -19. Suppose x*s - 18*s - 1595 = 0. Calculate the greatest common factor of s and 11.
11
Let x = 31 + -24. Let l be (1 + -1)/(1*2). Let o be 4 + -2 - -61 - l. What is the highest common factor of o and x?
7
Let n = -650 - -664. Suppose 4*p = 2 + n, -p = m - 544. What is the highest common divisor of m and 12?
12
Suppose 5*g + 6*i = 5*i - 2317, -1848 = 4*g - 2*i. Let v = g + 807. Calculate the greatest common divisor of v and 43.
43
Let n be ((-1044)/145)/(2/(-130)). Let t be (-24 + -2)*((10 - 7) + -7). Calculate the highest common factor of n and t.
52
Suppose 24211 + 2339 = -2*r + 120*r. What is the greatest common factor of 415 and r?
5
Let d = 386 - 374. Suppose -17*t + 116 = d*t. Let v be (96 - 0/(-1)) + 0. What is the greatest common divisor of t and v?
4
Suppose -24*j = -32 - 40. Suppose j*l + 4*k + 18 = 5*l, 2*l - 11 = -3*k. Let v = 77 - 14. Calculate the highest common factor of v and l.
7
Suppose -70 = -b - 32. Let x be -1 + 15*1*b/57. Calculate the highest common factor of 261 and x.
9
Suppose -2*t = -5*q - 135, 4*q - 95 = -t + q. Let g = t - 73. Calculate the greatest common divisor of g and 133.
7
Let r be (-8 - 39/(-5)) + ((-3555)/(-25) - 2). What is the greatest common divisor of r and 1295?
35
Suppose 157652 + 443982 = 31*o + 70480. Calculate the highest common divisor of o and 104.
26
Let d = -1801 + 3472. Suppose 22*w - 5017 = d. Calculate the highest common divisor of w and 38.
38
Suppose 9*x - 1022 = 148. Suppose 10 = 3*b - 146. Suppose 0 = -4*v + b - 12. Calculate the highest common divisor of v and x.
10
Suppose 0 = 2*p - 2*c - 617 + 163, -p - 4*c + 252 = 0. Calculate the greatest common factor of 174 and p.
58
Suppose i + 25 = -48. Let p = i - -127. Suppose -5*h = -10 - 20. Calculate the highest common factor of p and h.
6
Suppose 2*h = -2*y + 387 + 31, -3*y - 4*h = -632. Let v be (-8)/6*y/(-8). Let j = 40 - v. What is the highest common divisor of 12 and j?
6
Let y be 412 + (2 - 1) + 2. Suppose 0 = -9*f - 1459 + y. Let d = -104 - f. Calculate the highest common divisor of 192 and d.
12
Let j = -449 + 799. Calculate the greatest common divisor of j and 301.
7
Suppose -2504*k - 1933 = -2506*k + 3*i, -4*k + 2*i + 3870 = 0. What is the highest common divisor of k and 72?
8
Let g be (86/(-8) + -4*(-4)/(-64))*-14. What is the greatest common divisor of 77 and g?
77
Suppose -4*v + 8905 = z, 19*v - 14*v - 11128 = 2*z. What is the highest common divisor of v and 84?
42
Let c = -18205 + 38731. What is the highest common factor of c and 44?
22
Let v be (10/(-15)*321)/2. Let k = v - -119. Calculate the highest common 